n factor of 1311 and c?
69
Let g be -1 + 1*(-1 + 4). Let u be ((-50)/g)/((-4)/4). Suppose -2*b = 8*b - 750. Calculate the greatest common factor of u and b.
25
Let p(v) = -v**2 - 5 + 2*v + 2*v + 2*v**2. Let g be p(8). Calculate the highest common divisor of g and 13.
13
Let i be (57/(-3))/(-11 + 10). Suppose -5*x - 4*m + 5*m + 375 = 0, 5*x = 5*m + 355. Suppose 0 = 7*w - 5*w - x. What is the greatest common divisor of i and w?
19
Let f(o) = -3*o - 36. Let s be f(0). Let r = s + 80. Let w = -98 - -208. What is the greatest common factor of r and w?
22
Let x be 8/2 + (4 - 0/3). Let t = x + 3. What is the greatest common divisor of t and 121?
11
Suppose -4*b = 2*q - 8, 0 = 3*q - b - 0*b - 26. Suppose -73 = -3*o - 13. What is the greatest common divisor of o and q?
4
Let a be (-756)/(-8) + 3/2. Calculate the highest common factor of 156 and a.
12
Suppose -2*x + 512 - 52 = 0. Calculate the greatest common divisor of x and 20.
10
Let o(f) be the second derivative of f**4/3 - 3*f**3/2 - f**2 + 8*f. Let h be o(-5). Calculate the greatest common factor of 13 and h.
13
Let m(z) = z + 17. Let i be m(-13). Let a be -10*((-254)/50 + 5)*10. What is the highest common divisor of i and a?
4
Suppose -5*n - 5*t + 579 = -156, 0 = 4*t - 16. Let i(s) = -8*s - 3. Let p be i(-2). Calculate the highest common divisor of n and p.
13
Let n(w) = w**3 + 7*w**2 - 5*w - 8. Let i be 2 - (-8)/(16/(-4)) - 4. Let l be n(i). Calculate the greatest common divisor of l and 90.
30
Let f = 777 - 454. Calculate the greatest common factor of f and 152.
19
Let p be 118*(-11 - 29/(-2)). Calculate the greatest common divisor of p and 1.
1
Let v be -20 + 0 - (-3 - -2). Let x = v + 25. Let c be 2/(2/4*1). What is the greatest common factor of c and x?
2
Suppose -5*b = -b - 620. Calculate the greatest common divisor of 5 and b.
5
Suppose -2*p + 5 = -0*l + l, 0 = -p - 5*l - 11. Suppose p*f - 159 = -19. Suppose -217*h + 5 = -216*h. Calculate the greatest common divisor of f and h.
5
Suppose 24 = 5*t - 101. Let j(r) = -4*r**2 - r - 6. Let z be j(-2). Let s be 10/25 - 992/z. What is the greatest common factor of s and t?
25
Let g(l) = l**2 - 4*l + 3. Let p be g(5). Suppose -5*j = -0*s - s - 465, 5*j = 20. Let i be 6/16 - s/8. What is the greatest common factor of i and p?
8
Suppose 0 = 2*o + 4*h - 234, 3*o - 5*h - 355 = -7*h. What is the greatest common divisor of o and 85?
17
Let h = -4 - -7. Let x be 188/60 + (-4)/30. What is the highest common factor of x and h?
3
Suppose 1065 = 11*x - 7449. Calculate the greatest common factor of x and 86.
86
Suppose -2*k = 6*a - 3*a - 846, a + 2149 = 5*k. Calculate the highest common divisor of 297 and k.
33
Suppose 5*z + 40 = 5*l, 0 = 2*l + 5*z - 3 + 15. Let p = l + 0. Suppose 39*u - 432 = 12*u. Calculate the greatest common factor of p and u.
4
Suppose c - 3*x = -5*x + 38, -c - 5*x + 50 = 0. What is the greatest common factor of 60 and c?
30
Let x = -24 - -70. Suppose -4*i - 85 = 15. Let l = i + x. What is the highest common divisor of l and 21?
21
Suppose 0 = -15*s + 14*s + 3. Suppose -s*z + 100 = -z. Let n be ((-360)/z)/(3/(-10)). What is the greatest common factor of 8 and n?
8
Suppose 6*b + 40 - 76 = 0. Calculate the highest common factor of 2 and b.
2
Let o = -116 - -256. Let q = -189 - -805. Suppose 5*p = a - o, -2*a = 3*a - 4*p - q. What is the greatest common divisor of 15 and a?
15
Let g(o) = -4*o**2 + 4*o + 8. Let k be g(4). Let l = 22 + k. Let a = l + 33. What is the greatest common divisor of a and 60?
15
Suppose -2*z = -r + 84, -5*r + 2*z + 338 + 122 = 0. What is the highest common divisor of r and 329?
47
Let f(x) be the third derivative of -x**6/120 - x**5/30 - x**4/8 - x**3/3 - 26*x**2. Let d be f(-2). Calculate the highest common divisor of d and 44.
4
Let w(n) = -15*n - 176. Let o be w(-12). What is the highest common factor of 44 and o?
4
Let d(j) = j**2 - 4*j + 34. Let r be d(18). What is the greatest common divisor of r and 26?
26
Let f = 819 + -811. Calculate the highest common factor of 248 and f.
8
Suppose t - 24 = -0*t. Suppose b - 4*m + 3*m = 49, -m = -3*b + 153. Suppose -b = -6*s - 4. Calculate the highest common factor of s and t.
8
Let l be 748/9 - (-6)/(-54). Let b = l - 56. Suppose -4*w = 3*t - 9, -3*t + b + 0 = -2*w. What is the highest common divisor of t and 14?
7
Let s = 22 + -15. Let z = -7 + s. Suppose -v + z*i + i = -77, 4*v - 314 = 2*i. Calculate the highest common divisor of v and 10.
10
Let k(b) = b**3 + 9*b**2 - b + 19. Let c = 88 - 97. Let s be k(c). What is the highest common factor of 49 and s?
7
Let x be 3/9*5*120/10. What is the greatest common factor of 10 and x?
10
Let g(u) = -10*u - 2. Let t be g(-2). Let l(v) = v**2 - v + 3. Let k be -6*(-4 + 3) - 3. Let p be l(k). What is the highest common divisor of t and p?
9
Suppose 33 + 9 = 7*v. What is the highest common factor of v and 498?
6
Let k(u) = u**3 - 11*u**2 + 14*u - 26. Let c be k(10). Let v be (-1159)/(-171) + 2/9. What is the greatest common factor of c and v?
7
Let v be (6/(-9))/(-1) - (-42)/18. Let l(r) = 12*r**2 + 4*r - 5. Let d be l(v). Let a = -13 - -36. Calculate the highest common divisor of d and a.
23
Suppose -4*z + 24 = 2*z. Let d be 2/z*(233 - -9). Calculate the highest common divisor of 11 and d.
11
Let q be 2624/24 + (-44)/33. Calculate the greatest common factor of 117 and q.
9
Let s(m) = -9*m + 1. Let v be ((-4)/8)/((-1)/16). Let u be s(v). Let b = -39 - u. What is the greatest common factor of 48 and b?
16
Suppose 4*m - 2*m = -276. Let f = m + 144. What is the highest common divisor of 6 and f?
6
Let o(h) = 3*h + 114. Let c be o(-18). Calculate the highest common factor of 36 and c.
12
Let d be (-2774 + 2)*((-132)/(-18) + -8). Calculate the greatest common factor of 21 and d.
21
Suppose -2*l + 764 = 4*n + n, l + 758 = 5*n. Suppose k - 58 = -3*a, 165*a + k + 37 = 167*a. Calculate the highest common divisor of a and n.
19
Suppose 21*y - 2950 - 578 = 0. Calculate the highest common factor of y and 140.
28
Let g(k) = -6 - 4*k**3 - 18*k - 10*k**2 + 4*k**3 + 5*k - k**3. Let f be g(-9). Suppose 0 = -2*s + 7 + 23. What is the greatest common factor of f and s?
15
Suppose -5*z - 2*h + 93 = 0, 0 = z + 3*z - 4*h - 80. Calculate the highest common divisor of 57 and z.
19
Suppose -w + 0 = -1. Let n = -4 - -11. Calculate the greatest common factor of n and w.
1
Let s(l) = l**3 - 14*l**2 - 14*l - 19. Let h be s(12). Let j be (h/15)/(2/(-6)). Let k be (19/(-2))/(3/(-6)). Calculate the highest common factor of j and k.
19
Suppose 2*j = p + 56, -2*j + 3*p + 50 = -p. Suppose -5*d = -j + 4. Let g be (1/2)/((-2)/(-180)). Calculate the highest common factor of d and g.
5
Let v(i) = -4*i**3 - 16*i**2 - i + 4. Let q be v(-4). Suppose 114*m - q = 113*m. What is the greatest common factor of 56 and m?
8
Let d(j) = 21*j + 1. Let x = -4 + 8. Let o be d(x). Suppose -182 = -5*l - 3*h, 3*l = -5*h - 69 + 191. Calculate the greatest common divisor of o and l.
17
Let x be (-16)/(-72) + (-4420)/(-36). Calculate the highest common divisor of x and 164.
41
Let q = -150 + 234. Calculate the highest common factor of 96 and q.
12
Let a = 978 + -538. Calculate the greatest common divisor of 40 and a.
40
Let m = 738 - 735. Calculate the greatest common factor of m and 123.
3
Let r = 39 + -21. Let m(a) be the second derivative of -3*a**3/2 - 75*a**2/2 - 27*a. Let v be m(-9). Calculate the highest common factor of v and r.
6
Let v = -33 + 47. Suppose 3*d - 4*r - 10 = 32, d - 3*r - v = 0. Let s(f) = 2*f**2 - 5*f - 4. Let j be s(-6). What is the greatest common factor of j and d?
14
Suppose 0 = 436*z - 435*z - 143. Calculate the greatest common divisor of z and 13.
13
Suppose -3*u - 3*f - 4 = -u, 0 = -u + 4*f + 20. Let g be 122/u + (-12)/8. Calculate the greatest common factor of g and 29.
29
Let a be ((-172)/(-6))/((-6)/(-9)). Let m = a - 35. Calculate the highest common divisor of 24 and m.
8
Let j = 484 + -455. Calculate the greatest common divisor of j and 667.
29
Suppose 0*h + 240 = 5*h. What is the highest common factor of h and 24?
24
Suppose -2*p + 59 = -67. Suppose n + 2*z - 23 = 0, 4*z = -4*n + n + p. What is the greatest common factor of n and 17?
17
Suppose 0 = 15*c - 22*c + 21. What is the highest common factor of c and 24?
3
Let u = 377 + -156. Let g = u + -122